) composite?
False
Let y(f) = 208*f**3 - 5*f**2 - 38*f + 152. Is y(5) a composite number?
True
Let o = 76428 + -52021. Is o a prime number?
True
Suppose 334*h - 330*h = 214228. Suppose 7*o = 3*i + 5*o - h, -5*i + 89245 = 5*o. Is i a prime number?
True
Let a = -56545 - -79556. Is a composite?
False
Let a(f) = -459*f**2 - 6*f + 7. Let c(q) = 230*q**2 + 3*q - 3. Let l(n) = -2*a(n) - 5*c(n). Let g be l(2). Let p = g - -2986. Is p composite?
False
Let o = -591013 - -1504584. Is o prime?
True
Suppose -33*p = -35*p + 6. Let w(u) = -2*u - 2 + 8*u**2 - p - 10*u. Is w(8) a prime number?
False
Let j = 409 - 406. Suppose -4*c + 86035 = 5*f, -j*f - 5*c + 70753 - 19119 = 0. Is f a composite number?
False
Let g be (889/(-21) - -7)/(4/(-6)). Let x = 176 - g. Is x a prime number?
False
Let f be 5 - (-4 + 6 + -31497). Suppose -31501 = -3*q + 4*p, 0 = q - 4*q + 3*p + f. Is q a composite number?
False
Is (-5)/(-15) - -2363*(-456)/(-18) a prime number?
True
Let m(w) be the third derivative of w**8/252 - w**7/560 - w**6/180 + w**5/20 + 13*w**2. Let u(k) be the third derivative of m(k). Is u(-3) prime?
True
Let n(j) = 204*j**2 - 38*j - 159. Let l be n(-43). Suppose 0 = 21*v - 16360 - l. Is v a composite number?
True
Suppose -262*o = -43128107 + 7320104 - 1837729. Is o a composite number?
True
Suppose -2*n + 2719 = 4*f - 3*n, -685 = -f + 2*n. Let d = f + -428. Is d a composite number?
False
Is (-16)/((-160)/1065791) - 2/20 composite?
True
Let a(r) = 313*r**2 - 2*r + 25. Let t be a(8). Suppose -m - 18453 = -5*b + t, 3*b + 5*m = 23102. Suppose -4*w + b = -5*l, -5*w + 4*l = 2*l - 9645. Is w prime?
True
Suppose 2*y - 33834 = -4*m, 3*y + 30576 + 3263 = 4*m. Is m prime?
False
Let x(y) = 959*y + 995. Is x(28) a prime number?
True
Let y(w) = -3*w**2 + 58 - 53 - 8*w + w**3 - 4*w**2. Let s be y(8). Suppose 0 = -4*d - 3*u + 1624, d = 3*d - s*u - 838. Is d a composite number?
False
Is ((-163037)/(-21))/(4 + 166/(-42)) composite?
True
Let s be (12/16)/((-24)/(-1024)). Let j(p) = 12*p**2 + 6*p - 137. Is j(s) prime?
True
Let f = -343 + 580. Let v be (24/15)/(-2 + f/120). Let j = 63 - v. Is j a prime number?
True
Let j be (-27)/(-3)*(-5 + 794). Let l = -2827 + j. Is l composite?
True
Let l be (98060/(5 + -15))/((-4)/2). Suppose -8*p + 18561 = -l. Is p a prime number?
False
Let l be ((-368)/(-12))/((-6 - -1)/(-33675)). Suppose -l = -9*a - 11*a. Is a a composite number?
True
Let l be ((-256)/(-60) + 3/(-5))*3. Let w = l + -12. Is (2/(-2))/w*(-4 + 509) a composite number?
True
Is 2/(-6) + (-4085490)/(-9) + -8 composite?
True
Let i(k) = -3*k + 11. Let p be i(5). Let g be 0 + 5 - p/(-1). Is (-104)/(-156) + (g - 1888/(-3)) a composite number?
False
Let a = -8 + 11. Suppose -3*s - 5*n - 21 = -s, 28 = -a*s - 4*n. Is 2*341 + (-1)/(s/24) composite?
True
Let w be -3 + (-4)/4 - -30. Suppose w + 30 = 7*k. Suppose -9572 = k*o - 25068. Is o prime?
False
Let n(t) = -46*t**3 - 8*t**2 + 2*t + 27. Suppose -5*l = -f - 20, 4*f = -0*f + 3*l - 29. Is n(f) prime?
False
Let h be -6*((-20)/10 - 5227/(-2)). Let q = h + 28700. Is q a composite number?
True
Suppose 2*z - 46*f - 12234 = -50*f, 3*f = -4*z + 24473. Is z composite?
True
Let x(n) = -n**3 + 5*n + 4. Let g be x(-2). Suppose 0 = g*s + 4*l - 4526, 5*s = 8*s + 5*l - 6791. Is s a prime number?
True
Let t = 115515 + -60622. Is t a composite number?
True
Let y(z) = z**2 + 2*z - 3. Let n be y(-3). Suppose 3*q - 1816 = -127. Suppose m - r - q = -n*r, 2*m + 4*r = 1126. Is m prime?
True
Is (-1757*16/(-336))/(-1*2/(-4722)) composite?
True
Suppose -66*h + h + 15640204 = 3*h. Is h composite?
False
Let k(q) = 3601*q + 187. Is k(4) a composite number?
False
Let v = 291899 - 168198. Is v a composite number?
False
Suppose 5*v = -2*n + 133771, -n + 72748 = 5*v - 61020. Is v prime?
False
Suppose 19370 = -38*r - 92*r. Suppose 399 + 495 = 3*c. Let d = c + r. Is d prime?
True
Let k be (210 + -17)/(1/4). Suppose -295 - k = -h. Is h a composite number?
True
Is -173*137/(-3) - (4/(-6))/1 a composite number?
False
Let d(q) be the second derivative of 37*q**3/3 - 5*q**2/2 + 8*q. Let m be (10 + -12)/((-3)/2 + 1). Is d(m) prime?
False
Let a = 40646 + -18135. Is a composite?
False
Let g(u) = -9*u**3 - 5*u**2 - 6*u - 13. Let h(n) = n**2 + 3*n - 1. Let z be h(-4). Let j = z + -6. Is g(j) composite?
True
Let v be -9*(-4 + 3)*(-6309)/(-27). Let x = 4964 - v. Is x a prime number?
True
Let x = 20545 - 14363. Suppose 4428 + x = 10*a. Is a composite?
False
Suppose 4*v = 2*p + 406214, 4 = -7*p + 11*p. Suppose 7*f - 4*f = 2*c + 152311, v = 2*f - 4*c. Is f prime?
True
Let r be -4 - (-24)/42 - 6/(-14). Is 2/r*48141/(-18) composite?
False
Let j(p) be the third derivative of -805*p**4/24 - 149*p**3/6 + p**2 + p. Is j(-10) prime?
True
Let v be 12/(-9) - (-364)/(-6). Let t = -62 - v. Suppose 4*z + 4*n - 3*n - 6004 = 0, t = 4*z - 4*n - 6004. Is z a composite number?
True
Let q = 92255 - 49516. Is q a composite number?
True
Suppose -2*v + 6 = 2*b - 0*v, -4*v - 3 = -b. Suppose -127907 = -3*t + 3*l - 7*l, 5*l + 127943 = b*t. Is t a prime number?
True
Suppose 0 = -s - 2*g + 150, 76 = -4*s - g + 669. Let p = 441 - s. Is p a prime number?
True
Let y(u) be the first derivative of 7*u**3/3 - 35*u**2/2 - 19*u + 75. Is y(11) composite?
False
Suppose 37*c = 36*c + 4*z + 130799, c - 130803 = 2*z. Is c a prime number?
True
Suppose 2*u - 2*j + 39 = 43, -u + 5*j - 2 = 0. Suppose 62771 = u*b - 4*v, 10*b - 6*b = v + 83686. Is b a composite number?
False
Suppose 3*k = 8*k + 15, -4*l = 3*k - 1543. Suppose -h = 3*h - l. Is h a prime number?
True
Is 30/(-18)*(-42445 + -2) prime?
False
Let s be 104/65*(0 + 15/6). Is 9942/s*(20 - 18) a composite number?
True
Suppose -5*m + 2*c + 8*c = -480775, -5*c + 384581 = 4*m. Is m a prime number?
True
Let d(t) = 31132*t - 5. Is d(3) a composite number?
True
Let x(o) = 59*o**2 + 8*o - o**3 - 66*o**2 - 3*o + 19. Is x(-12) a prime number?
False
Let v be 6/45 - (-1040)/75. Suppose -22*b + v*b + 15736 = 0. Is b a composite number?
True
Let z(j) = -j - 11. Let i be z(-13). Suppose 0*v + i*v - 2110 = 0. Suppose 2*t - v = 5*u, 5*t = u + 2570 + 10. Is t a prime number?
False
Let i(k) = 114*k**3 + k**2 - 4*k + 3. Let r be ((-9)/(-12))/((-2)/(-8)). Suppose 0 = -3*p + 4*p - 2*g - 4, 3*p - 3 = -r*g. Is i(p) composite?
False
Suppose 5*m = -2*f + 29665 + 22536, 3*m + 5*f = 31313. Is m a composite number?
True
Let j = 907466 + -504808. Is j prime?
False
Let d(t) = 5408*t**2 - 859*t - 6815. Is d(-8) prime?
True
Let n(h) = -2*h**3 - 4*h**2 - 2*h + 1. Let u be n(-2). Suppose 53 = 4*a + u*c, 0*a + 76 = 5*a + 3*c. Suppose -21*z + a*z = -1508. Is z composite?
True
Let y = 31 - 26. Suppose -4*f + 839 = -3*w, 2*w - 5*w = -y*f + 1045. Suppose 4*q - n = 3515, f + 675 = q + 2*n. Is q composite?
True
Suppose 0 = -v + 2*s + 9913 + 13732, 2*s - 4 = 0. Suppose 6*j - v = 10635. Suppose -2601 = -t - 4*z, 0 = 4*t - 4*z - j - 4730. Is t composite?
False
Let q(m) = -2*m - 25. Let u be q(-14). Is 4/(-2)*((-9015)/6 - u) a prime number?
True
Let x(r) = -r**3 - 12*r**2 + 13*r - 39. Let q be x(-15). Let f = 982 - q. Is f a prime number?
True
Suppose 2*y + 4*w - 418 = y, 3*y + 3*w = 1227. Let z = 74 + -53. Is (-3)/9 + y/z composite?
False
Suppose -616*f = -635*f + 13129. Is f composite?
False
Suppose -20 = -13*v + 12*v. Let a(q) = -21*q + 24 + 30 - 7 + 8*q**2. Is a(v) prime?
False
Suppose -312 = 8*h + 24. Let l(v) = 21*v**2 + 50*v - 209. Is l(h) composite?
True
Suppose -r = 0, -12*r - 24260 = -u - 11*r. Let y = u - -14877. Is y a prime number?
False
Let p be (445/2 + -7)*(224 - -2). Suppose 10*s + 81205 = 15*s - 5*c, -2*c = 3*s - p. Is s a composite number?
True
Suppose -3*p = 24*p - 1431. Suppose 0 = 68*u - p*u - 30570. Is u a prime number?
False
Suppose 135*u - 13640 = 140*u. Let d = u + 5547. Is d a prime number?
True
Let n(x) = -247*x - 44. Suppose 0 = -4*s - o - 16, s + 1 = 6*s - 4*o. Is n(s) a prime number?
False
Let o be (52/(-3))/((-38)/57). Suppose -5*u = 3*p + 11, 4*p + u + o = -0*u. Let z(v) = -129*v - 14. Is z(p) composite?
True
Let b be (7/(-21))/(2/18) - -2. Let k(d) = -3055*d - 3. Let f be k(b). Suppose -5*s + f + 11413 = 0. Is s composite?
True
Suppose -78*g - 15706 + 32814 = -25402. Is g a prime number?
False
Let y be (-6)/(-6) - 6 - (5 + 0). Is ((-17858)/y)/(19/95) a prime number?
True
Suppose -105*x